x + 2030. What is the greatest common factor of 14 and x?
14
Let s(n) = -590*n + 2124. Let g be s(3). What is the highest common factor of g and 2950?
118
Suppose -3*h + 152 = 4*z, 5*z - 4 - 6 = 0. Suppose 2*w - 880*t - 60 = -883*t, 2*w - 4*t = 32. What is the highest common factor of w and h?
24
Let x(b) = -101*b + 708. Let d be x(7). What is the highest common divisor of 449 and d?
1
Let a be 3/(-2)*14*(-26)/3. Let f be ((-5)/(-2))/(7/a). Suppose 6*z - f - 1 = 0. What is the highest common divisor of 33 and z?
11
Suppose -4*z = 4*p, -12 = -2*p + 4*p - 4*z. Let l be (19 - 0)/(p/(-10)). What is the greatest common divisor of l and 19?
19
Suppose 0 = 5*u + 8*u - 65. Suppose -u*h + 20 + 0 = 0. Suppose h*c + 40 = 2*q, -2*q + c = 3*q - 64. What is the highest common factor of 3 and q?
3
Let w be (7 + (-1683)/81)/((-2)/72). Calculate the highest common divisor of w and 1328.
16
Let w = -23 + 30. Suppose 2*v + 5 = w. Let z be 6*v*8/3. Calculate the greatest common divisor of 96 and z.
16
Let f = 48 - 39. Suppose 174 = -3*g - 3*g. Let v = g - -41. Calculate the highest common factor of v and f.
3
Suppose -1101 - 329 = -11*g. Suppose 660 = 136*i - g*i. What is the greatest common divisor of i and 55?
55
Let k(x) = 2*x**3 - 76*x**2 + 42*x + 70. Let p be k(38). What is the greatest common factor of 28 and p?
14
Suppose -4*l + 59*a = 62*a - 59678, 5*l - 74638 = 3*a. Calculate the highest common divisor of l and 164.
164
Suppose 4*f + 20 = 2*p, 3 = -5*p - 2*f + 5. Let t be (-4 + (-65)/(-10))/(p/8). Suppose -32 = 9*x - t*x. Calculate the greatest common factor of 4 and x.
4
Suppose -4*t + 3824 = -d, -4*t = t + d - 4780. Calculate the highest common factor of 2 and t.
2
Let o(d) = -6*d**3 + 38*d**2 + 70*d + 33. Let s be o(-1). Suppose 5*p = -20, -4*p + 9*p = v - 76. What is the greatest common divisor of v and s?
7
Let u(l) = l**2 + 100*l - 287. Let f be u(3). What is the highest common factor of 10483 and f?
11
Let v = 225 - 120. Let r(l) = l**2 + 9*l + 9. Let s be r(3). What is the highest common factor of s and v?
15
Suppose -2*g + 7734 = 4*i - 5*g, -7732 = -4*i + 4*g. What is the highest common divisor of 45 and i?
45
Let z be 392/(-32) - (-2)/8. Let c(p) = p**3 + 15*p**2 + 15*p - 14. Let d be c(z). What is the greatest common factor of 34 and d?
34
Let k(r) = 49*r**2 - 7*r + 52*r**2 - 100*r**2. Let c be k(-4). What is the highest common factor of c and 198?
22
Let f = 395 + -350. Let y(z) = -z**2 + 8*z + 8. Let r be 2/4*(-3 - -17). Let k be y(r). What is the highest common divisor of k and f?
15
Suppose 2 = -2*l - 5*c, -c + 24 = -2*l + 34. Suppose t = 2*x + 40, l*t - 2*x = -5*x + 160. What is the greatest common factor of t and 1480?
40
Suppose -n + 18*o = 17*o - 22, 0 = -6*n - 5*o + 165. Calculate the greatest common divisor of 2425 and n.
25
Let u(s) = -13*s**2 + 761*s - 10. Let o be u(58). What is the highest common factor of o and 10098?
198
Let g be (-22)/((-4)/8 + 0). Suppose 108 = 8*o - g. What is the greatest common factor of o and 570?
19
Suppose -r - 4*t + 70 = 0, 11*t - 15*t = 8*r - 616. Calculate the greatest common divisor of r and 37986.
78
Suppose 0 = -d + 87 + 1. Suppose -2*n - 14 = -k + 7, 5*k + n = 61. Let b = k + -2. What is the highest common divisor of b and d?
11
Let s(v) = -44*v + 4. Let h be s(-1). Let r = 524 - 520. Calculate the highest common divisor of h and r.
4
Suppose 8*m - 704 = -0*m. Let d be m/9 - (-3)/((-216)/(-16)). Suppose 0 = -d*p + 120. Calculate the greatest common divisor of 132 and p.
12
Let d = 18 - -61. Suppose -173 = -18*u + d. What is the greatest common divisor of 21 and u?
7
Let m be (-1)/(1*-1*2/68). What is the greatest common divisor of m and 1037?
17
Suppose 0 = 2*a + 4*p + 2454, 3*p - 1468 = 2*a + 965. Let i = a - -1251. Suppose f = -3*f + 300. What is the greatest common factor of f and i?
15
Suppose 570 = 3*w + 111. Let a(j) = -17*j - 66. Let n be a(-5). Suppose 4*u = 2*z + 74, -n*u + 17*u - 5*z = -19. What is the highest common divisor of w and u?
17
Let r = -63 - -26. Let z = r + 33. Let f be z*45/(-6) + -3. What is the greatest common factor of 9 and f?
9
Suppose -3*a + 8 = j - 72, 152 = 5*a - 3*j. What is the greatest common divisor of a and 292?
4
Let i(b) = b**3 + 5*b**2 - 14*b - 28. Let y be i(-6). What is the greatest common factor of 4620 and y?
20
Suppose -5*p + 2*y + 4290 = 0, 3*y = 9*p - 6*p - 2565. Suppose 32 = -p*s + 864*s. Calculate the highest common factor of s and 2.
2
Let c(o) = o + 12. Let x be c(0). Suppose -594 = 45*u + 21*u. Let r be (2 + (-6)/u)/((-8)/(-144)). What is the greatest common divisor of r and x?
12
Let q = -14 + 26. Suppose 0 = q*f + 403 - 1435. What is the highest common divisor of 946 and f?
86
Let r be (-185)/(-25) - (1 + 3/(-5)). Suppose 0 = r*a - 0*a - 84. Let j(u) = u**3 - 12*u**2 + 5. Let w be j(a). What is the greatest common factor of w and 35?
5
Suppose 112*t + 95*t - 14500 = -83*t. Calculate the greatest common factor of t and 3950.
50
Let v = -22 - -11. Let p be -23*1*(-12 - v). Let k = 3014 - 2853. What is the greatest common divisor of p and k?
23
Suppose 5*p + 2*a = 7*p - 4, 10 = 4*p - 5*a. Suppose p = -4*q + 56 - 20. What is the highest common factor of 171 and q?
9
Suppose -2*z - 12 = -388. Suppose -9*c - 3*r + 47 = -8*c, -3*c + 2*r + 141 = 0. Calculate the highest common factor of c and z.
47
Let x be ((-116)/20 - -1)/(4/(-10)). Suppose -13*n = -x*n - 48. What is the highest common factor of 6 and n?
6
Suppose 12*z - 167 = 613. Let g = -53 + z. Calculate the greatest common factor of g and 36.
12
Suppose -110 - 114 = -4*q. Let l(b) = -4*b - 82. Let m be l(15). Let x = -128 - m. What is the greatest common factor of q and x?
14
Let g be 4 + 399/(-105) - (2 + 99/(-5)). Let p(f) = 56*f**3 + f**2 - f. Let q be p(2). What is the highest common factor of q and g?
18
Suppose -2*l = 62*j - 59*j - 281, -j - 4*l = -87. What is the greatest common factor of j and 665?
95
Suppose 0 = -10*p + 34 - 4. Suppose 1137 = 3*i - n, 5*i - 5*n = -p*n + 1896. Suppose f = -6*f + i. Calculate the greatest common divisor of f and 36.
18
Suppose -21 = -2*o - o. Let r(g) = g**3 - 6*g**2 - 14*g - 16. Let m be r(o). Let h = -37 - m. What is the highest common factor of 42 and h?
14
Suppose 0 = 2*h - 21 - 11. Suppose 120 = -h*j + 22*j. What is the highest common factor of 10 and j?
10
Suppose 10 = -15*b + 17*b. Suppose -b*t = -5*d - 45, 3*d = 5*t - 23 - 16. Let q = t - -8. What is the greatest common factor of q and 126?
14
Suppose -14*m + 1536 + 564 = 0. Suppose 0 = -3*d + 19 + 116. What is the highest common factor of m and d?
15
Let b be 54/405 + 2*214/(-60). Let v(n) = -n**2 - n + 53. Let g be v(b). Calculate the greatest common factor of 33 and g.
11
Let h(r) = 4*r**2 + 38*r + 21. Let p be -11 + 19 + (4 - 21). Let x be h(p). Calculate the highest common divisor of 8 and x.
1
Let k = -164 + 535. Suppose 5*j - k = -3*y - 91, -4*j - y + 224 = 0. Calculate the highest common divisor of j and 224.
56
Let f = -9930 + 10970. Calculate the highest common divisor of 650 and f.
130
Suppose 411*b = 368*b + 24768. Calculate the highest common factor of 126 and b.
18
Let a(q) = q**2 - 5*q - 29*q - 14 + 7*q. Let o be a(30). What is the greatest common factor of 57 and o?
19
Let x(n) = n**3 + n**2 - 80*n - 9. Let c be x(9). What is the greatest common factor of 99 and c?
9
Let w(q) = -q**3 - 6*q**2 - 470*q - 2807. Let k be w(-6). Suppose 72 = -3*a - 0*a. Let m = -11 - a. Calculate the highest common factor of m and k.
13
Suppose -5*z = -3*a - 318, -11 = 5*a - 6. Let q = 82 - z. Calculate the greatest common factor of 57 and q.
19
Let j = -11171 + 11459. What is the highest common divisor of j and 944?
16
Suppose q - 3*z + 8 = 0, -5*z + 47 - 7 = 5*q. Let m be q - (3 - 4/1)*-1. Let c = -6 - -39. Calculate the highest common factor of c and m.
3
Suppose 0 = 3*h - 10*s + 14*s - 1019, -2*h = -2*s - 698. Calculate the highest common factor of h and 1955.
115
Let i(a) = 363*a + 1454. Let q be i(-4). Calculate the greatest common factor of 1522 and q.
2
Suppose -x - v = 32 + 28, -124 = 2*x + v. Let w = x - -66. Let u(l) = l**2 + 8*l + 1. Let s be u(-9). What is the highest common divisor of s and w?
2
Let a be 113 - -1*(-6 - 30/(-6)). Let k = 348 - a. Calculate the highest common divisor o